5*p = 10*p - 5. Calculate the remainder when (46/8)/(7/(-8) - p) is divided by 7.
4
Suppose 4*a - 717 = -3*n, a - n - 4*n = 208. Suppose 0 = -3*h - 0 + a. What is the remainder when h is divided by 18?
7
Let t be (-5)/6 + 1 - 287/(-6). Suppose 42*i = t*i - 156. Calculate the remainder when 76 is divided by i.
24
What is the remainder when -13*7/(-3)*3 is divided by 21/9*(-53)/((-9646)/3588)?
45
Suppose -s = 2*w - 164, 246 = 3*w - 2*s + 3*s. Let k be ((-6)/(-2) - 2)/(-1). What is the remainder when w is divided by (-2 + k)*(-5 - 2)?
19
Suppose -5*b + 65 = 10. What is the remainder when b is divided by 5?
1
Let c be (-32)/(-20)*(-10)/(-4). Suppose -2*j - 32 = -c*f, 5*f - 24 = 2*f + 2*j. Calculate the remainder when ((-238)/(-136))/(2/24) is divided by f.
5
Let o(v) = -v**3 + 2*v**2 + 2. Let j be o(2). Let q(k) = -j*k**2 - 10*k + 4*k**2 - 7*k + 9 - 4*k**2. What is the remainder when 82 is divided by q(-8)?
14
Suppose -2*d = -2*f + 280, -5*f = -8*f + 5*d + 422. What is the remainder when f is divided by 28?
27
Let p = 433 - 58. What is the remainder when p is divided by 47?
46
Suppose 2*m - 3*j - 48 = 0, 3*j - j - 72 = -3*m. Suppose -p - 2*p + m = 0. Suppose p*g = 3*g + 60. What is the remainder when 21 is divided by g?
9
Suppose -5*k + 5*c - 15 = -0*k, 2*k - 4*c + 16 = 0. What is the remainder when (-18 + 19)/(k/56) is divided by 15?
13
Suppose -3*r + 2*y = -r + 30, 0 = -r - 2*y - 12. Let a = -14 - r. Suppose -4*l + a*l = -92. What is the remainder when l is divided by 12?
11
Suppose 0*j - 2 = -j. Suppose 2*v - 3*s + j*s - 29 = 0, -2*s + 95 = 5*v. Let p = 5 + 0. What is the remainder when v is divided by p?
2
Suppose 2*w - 84 - 1032 = -2*l, 4*l - 3*w = 2246. Suppose d + 4*d - l = 0. What is the remainder when d is divided by 38?
36
Let g(q) = -q - 6. Let s(l) = l - 21. Let w be s(9). What is the remainder when 10 is divided by g(w)?
4
Suppose 2*d = 4*c + 94, -2*d + 0*d = c - 69. Let s = -29 + d. What is the remainder when ((-2)/4)/(1/(-30)) is divided by s?
7
Let q be (0*(-2)/4)/1. Suppose i = -4*l - 0*l + 14, -2*i + 16 = 4*l. Suppose -r + i = -q. Calculate the remainder when 2 is divided by r.
0
What is the remainder when 71 is divided by ((-24)/(-132) + (-51)/99)*-48?
7
Let g = 60 + -24. Let t = -77 + g. Let r = -35 - t. Calculate the remainder when 21 is divided by r.
3
Let k be (24 + -1)/(-2 - -1). Let c = k + 32. Calculate the remainder when 26 is divided by c.
8
Suppose 100*d + 33 = 101*d. Calculate the remainder when 48 is divided by d.
15
Let x = 83 + 54. Calculate the remainder when x is divided by 11.
5
Let c = 58 - 27. Suppose 0 = -2*t - 2*u - 0*u + 8, 4*t - 3*u = -12. Suppose 5*p = -3*g + 4*g - 6, t = 5*p - 5. What is the remainder when c is divided by g?
9
Suppose 6*n - 156 = 3*n. Suppose -u + n = -5. Calculate the remainder when u is divided by 21.
15
Let d(t) = -127*t**3 + 2*t**2 + 2*t + 2. What is the remainder when d(-1) is divided by 23?
14
Let q be ((-2)/(-1))/((-5)/(-10)). Suppose q*w = w + 30. Calculate the remainder when w/(-45) + 128/9 is divided by 4.
2
Suppose 15*n - 14*n = 5. Suppose -3*f + 15 = -l, -2*f - 5*l + n = -5. Calculate the remainder when f is divided by 2.
1
Suppose -76*w + 44 = -74*w. Let i = 30 - w. Calculate the remainder when 1*16 - 2/2 is divided by i.
7
Suppose k + 89 = 246. Let x = k - 126. What is the remainder when 114 is divided by x?
21
Let v = -22 + -75. Let m = 234 + v. Calculate the remainder when m is divided by 35.
32
Let o(u) = 5*u**2 + 9*u + 67. What is the remainder when o(-12) is divided by 34?
33
Let a(j) = j**3 - 57*j**2 - 58*j + 10. What is the remainder when 87 + 0 - 2/(-2) is divided by a(58)?
8
Let j = 725 + -468. Calculate the remainder when j is divided by 10.
7
Suppose 0 = 3*i + 4*t - 72, 9*i = 12*i + 3*t - 69. What is the remainder when 211 is divided by i?
11
Let p = -123 - -140. Let z = 123 - 81. What is the remainder when z is divided by p?
8
Let u be 2 + (-15)/(-5) + -85. Calculate the remainder when 41 is divided by 7/1 - u/16.
5
Suppose 4*o = 7*o + 6. Let b(w) = -11*w - 11. Let s = -37 + 69. What is the remainder when s is divided by b(o)?
10
Let f(h) = -h**2 - 22*h - 33. Let q be f(-11). Suppose 36 = -4*n + q. Suppose -3*t + 2 = -70. Calculate the remainder when t is divided by n.
11
Suppose -4*y - 9*v = -8*v - 87, 0 = 5*y - 2*v - 99. Calculate the remainder when 565 is divided by y.
19
Let a = -64 + 107. Suppose a + 49 = 2*j. Let f = 8 - -4. What is the remainder when j is divided by f?
10
Suppose 5*a + 2*x + 47 + 111 = 0, 4*x + 166 = -5*a. Let z = a + 55. What is the remainder when 72 is divided by z?
22
Let f(m) = -m**2 + 0*m + 2*m + 7*m + 7 - 2. Suppose 31 = 5*j - 4*h, -3*j - 4*h + h = 3. Calculate the remainder when f(9) is divided by j.
2
Calculate the remainder when (2/4)/((-21)/(-10038)) is divided by 11.
8
What is the remainder when 34 is divided by 26/6 + 168/252?
4
Let c = 778 + -765. Calculate the remainder when 206 is divided by c.
11
Suppose 6*l - 287 - 457 = 0. Suppose -4*t - 3*i = -174, 4*i + 160 = -0*t + 4*t. Calculate the remainder when l is divided by t.
40
Suppose 105 - 539 = -31*i. Suppose -3*o + 2*o - 1 = 0. Calculate the remainder when 42 + 4/(2*o) is divided by i.
12
Let a be 3/(-2)*-1*(20 - 18). Suppose 4*c = -a*s + 225, 0 = -3*s + c + 210. Calculate the remainder when s is divided by 8.
7
What is the remainder when ((-96)/(-28))/((-129)/(-2408)) is divided by 17?
13
Suppose 7*q = 7205 - 667. Calculate the remainder when q is divided by 26.
24
Let k = -96 + 160. Suppose -4*v + 22 = 2*n - 6, 6 = -n + 2*v. Suppose 5 = q - 4*b - 9, -n*q + 5*b = -78. Calculate the remainder when k is divided by q.
20
Let j(f) = 11*f - 6. Let g = -10 + 15. Let v be j(g). Suppose 57 = 3*r - 3*t, 4*r = r - t + v. What is the remainder when r is divided by 5?
2
Let x be -3 + (2 - 134 - -4). Let n = 235 + x. Calculate the remainder when n is divided by 21.
20
Let o(p) = p**3 + 18*p**2 + 19*p + 36. Let z be o(-17). Suppose -2*u = -z*x + 112, x + 7*u - 3*u - 46 = 0. Calculate the remainder when x is divided by 14.
12
Let v be (-2)/(1/12*-3). What is the remainder when 5*(v + -2 + -4) is divided by 7?
3
Let p = -898 - -1367. Suppose 4*n - p = 3*l, 3*n + l = 45 + 297. What is the remainder when n is divided by 29?
28
Let h(n) = -2*n**2 - 91*n + 180. What is the remainder when 130 is divided by h(-47)?
13
Suppose -2*l - 5*i = -130, -10 - 385 = -5*l + 5*i. Let y be l/(-6)*(-12)/10. Suppose 27 - y = 4*s. Calculate the remainder when 6 is divided by s.
0
Let u be (-6)/8 + (-1240)/(-32). Let h = u + -8. Suppose -5*r + r - 4 = -4*c, 0 = -5*r - 2*c + h. Calculate the remainder when 6 is divided by r.
2
Let f(y) = -y**2 - 56*y + 8. What is the remainder when 210 is divided by f(0)?
2
Suppose -29 = -2*k - 5*d, d + 23 = -k + 6*d. Suppose -48 = -2*v - k*v. What is the remainder when 47 is divided by v?
11
Let i(z) = -z**3 - 11*z**2 - z - 8. Let g be i(-11). Suppose 4*y = -q - 0*y - 20, 2*q - g*y = -40. Calculate the remainder when 35 is divided by (4 - q)*1/2.
11
Suppose 0 = -4*p + 3*u - u + 158, 0 = -2*u + 6. What is the remainder when p is divided by (-6)/(-2) + -4 + 15?
13
Let p(b) = 20*b - 37. Let x be p(5). Suppose -5*c + 12 = -c. Suppose x = c*d - 21. What is the remainder when d is divided by 15?
13
Let r be (6/2)/(9/12). Suppose -r*w = -3*b - 248, -2*w - 3*b = -6*b - 124. Suppose 4*x - 238 + w = 0. What is the remainder when x is divided by 16?
12
Suppose 4*f + 32 = 8*f. What is the remainder when 22 is divided by f?
6
Let s be (1/2)/((-1)/((-8)/2)). Let g = 213 + -131. Suppose -s*m + m + g = 0. Calculate the remainder when m is divided by 28.
26
Let d be (-9)/(-4)*(0 + 160/15). Suppose p - d = -8. What is the remainder when 62 is divided by p?
14
Suppose 0 = -57*g + 59*g - 14. Suppose -2*x + 6 = x. What is the remainder when g is divided by x?
1
Let l = 51 + -123. Let q = -40 - l. Calculate the remainder when 125 is divided by q.
29
Let d(n) = -n**2 - 4*n - 4. Let z be d(-2). Suppose 5*y - 115 = 2*j, -j + 4*j = z. Let v = y - 11. Calculate the remainder when 35 is divided by v.
11
Suppose 189 = s + 2*p, 2*s - 27*p - 402 = -25*p. What is the remainder when s is divided by 27?
8
Let o = 234 + -193. Calculate the remainder when 159 is divided by o.
36
Let l = -1777 + 2730. What 